hat is -7181 + -6b1?
-7832
In base 13, what is -3403722 + 1?
-3403721
In base 12, what is -763 - -3001?
245a
In base 2, what is 1010 + 1010001001110100111101110?
1010001001110100111111000
In base 3, what is -212212010000102 - 102?
-212212010000211
In base 7, what is -131 + -40515014?
-40515145
In base 15, what is -4e2577 - 4?
-4e257b
In base 4, what is 10 - -13330030121?
13330030131
In base 2, what is 1111 - 11001011011111000101?
-11001011011110110110
In base 6, what is -23354 - 431534?
-455332
In base 6, what is 1135321 + -524?
1134353
In base 8, what is 175477 + -57?
175420
In base 2, what is -1101111000 + -1010001111001100001?
-1010010000111011001
In base 8, what is 7063 - -240?
7323
In base 13, what is -421 - 109b6?
-11107
In base 14, what is -ac51c + 549?
-abdb3
In base 4, what is 102 - -1333300022?
1333300130
In base 16, what is 5a4 - 6036?
-5a92
In base 13, what is -739 - -4175?
3739
In base 11, what is -11177a + 6?
-111774
In base 13, what is 8b4c6b1 + 0?
8b4c6b1
In base 5, what is -134410 - 343231?
-1033141
In base 14, what is -2b943 - -2?
-2b941
In base 16, what is 5b0 + f2ac?
f85c
In base 12, what is 1682 + -149436?
-147974
In base 16, what is 1 - 1516bb?
-1516ba
In base 11, what is -2a9 + -123189?
-123487
In base 16, what is -26d33 - -72?
-26cc1
In base 5, what is 101224 - 112420?
-11141
In base 4, what is 2312 - 32030331330?
-32030323012
In base 9, what is -284278 - 14?
-284303
In base 4, what is 10300210 + 23333?
10330203
In base 2, what is 10111001101 + -1010110101100011?
-1010011110010110
In base 14, what is -1355 + -2280?
-35d5
In base 2, what is -10111101010000011 - -100000011110?
-10111001001100101
In base 9, what is -80 - -507038?
506848
In base 14, what is 7859228d + -3?
7859228a
In base 11, what is 22198a81 + 3?
22198a84
In base 6, what is 13253 + -5551?
3302
In base 12, what is -7a94 + -469?
-8341
In base 15, what is -539 + 48c4c?
48713
In base 15, what is 9ec5c + -3c?
9ec20
In base 6, what is 1 - -40445?
40450
In base 10, what is 17414 + 4506?
21920
In base 5, what is 4313401 + 322?
4314223
In base 11, what is 122 - 94a39?
-94917
In base 11, what is 199736 + 72a?
19a365
In base 16, what is f - c37829?
-c3781a
In base 3, what is 111 + -222010200?
-222010012
In base 14, what is 6 - -23125db?
2312603
In base 10, what is -4 - -1011705?
1011701
In base 16, what is -2a39b4b + 3?
-2a39b48
In base 2, what is 111001001111011010111 - 1010?
111001001111011001101
In base 2, what is 100 - 100100100111001110000?
-100100100111001101100
In base 6, what is -532 - -10234104?
10233132
In base 8, what is 24140456 - 42?
24140414
In base 14, what is 14 - c210?
-c1da
In base 6, what is -1003235520 - -15?
-1003235501
In base 11, what is 73058642 - 0?
73058642
In base 3, what is 101111 + 2002002?
2110120
In base 6, what is 3213 - -10040001?
10043214
In base 8, what is 260 + -1015675?
-1015415
In base 2, what is -1100111110001100110000100 + -100?
-1100111110001100110001000
In base 15, what is -4d - 1ab43?
-1ab91
In base 15, what is -1d745 + -9ca?
-1e220
In base 16, what is 47 - -12240a?
122451
In base 4, what is -232322 - -101203321?
100310333
In base 16, what is -51c0 + -6a?
-522a
In base 12, what is -a - -259774?
259766
In base 7, what is 345524 + 4?
345531
In base 8, what is 332 + -32425?
-32073
In base 3, what is -1200010112111222 + 12?
-1200010112111210
In base 11, what is -5 + 3702333?
3702329
In base 9, what is -104171878 + -2?
-104171881
In base 16, what is 373 + -985e?
-94eb
In base 15, what is 6609eb1 + 4?
6609eb5
In base 16, what is -5 - -2765a0f?
2765a0a
In base 10, what is 5 + 70349?
70354
In base 11, what is 998a468 - -2?
998a46a
In base 11, what is 12a476106 - 1?
12a476105
In base 9, what is 57 + -264076?
-264018
In base 11, what is 5a6156 - -198?
5a6343
In base 13, what is -109622 + c?
-109613
In base 8, what is 24 + -70602?
-70556
In base 4, what is -23022310 + 2312?
-23013332
In base 4, what is -1333330130 - 2?
-1333330132
In base 7, what is 12 + 24113001?
24113013
In base 11, what is 13 - -486145a?
4861472
In base 10, what is -280 + 1596125?
1595845
In base 4, what is 22123 + -110011032?
-103322303
In base 4, what is 230230 - -100103?
330333
In base 6, what is -125 - -112511324?
112511155
In base 3, what is -210202020 + -1000102?
-211202122
In base 9, what is 110374 + -76?
110287
In base 16, what is -91f - -2c3dd?
2babe
In base 5, what is 4 - -4121342132?
4121342141
In base 12, what is 1 + -955117?
-955116
In base 16, what is 27a - 3c7d?
-3a03
In base 9, what is 56781 + 587?
57478
In base 16, what is 54a68c - -b?
54a697
In base 7, what is -2 + 413225541?
413225536
In base 3, what is -2 - -222211102012120?
222211102012111
In base 3, what is -122000 - 20012000211?
-20012122211
In base 5, what is 3 + -110034120232?
-110034120224
In base 10, what is -519915 + 11?
-519904
In base 15, what is 8 + -8d5365?
-8d535c
In base 5, what is 24400403420 + 0?
24400403420
In base 9, what is -10855 - -118021?
107055
In base 13, what is -5bc8 - -7a1?
-5427
In base 2, what is 0 + 110110011110101111100?
110110011110101111100
In base 12, what is -5 - 16663b?
-166644
In base 6, what is -51110 - 12344?
-103454
In base 12, what is 650 - 9aab5?
-9a465
In base 9, what is -2346638 - 12?
-2346651
In base 11, what is 365 + -75333a?
-752a85
In base 11, what is -553952 + -41?
-553993
In base 10, what is -2 - 107703502?
-107703504
In base 5, what is 3321 - -322320?
331141
In base 4, what is -21211232 + -31012?
-21302310
In base 8, what is 366464 + -3146?
363316
In base 10, what is 6164 + -3775?
2389
In base 4, what is 12000220 - 12323?
11321231
In base 4, what is 11 + 101100020112?
101100020123
In base 5, what is -1424 + -304343?
-311322
In base 16, what is -4 - 38d8638?
-38d863c
In base 11, what is 1 + 4442094?
4442095
In base 16, what is -3a0f + 4cd?
-3542
In base 16, what is 228f41 - e?
228f33
In base 3, what is -102 - -112200210200020202?
112200210200020100
In base 11, what is 40522 - -a32?
41454
In base 7, what is 45 - -413130015?
413130063
In base 6, what is -1 - 1213244014?
-1213244015
In base 3, what is -21100220001000 - 202?
-21100220001202
In base 15, what is 1672 + -bd?
15a4
In base 4, what is -1200121101 - -133101?
-1133322000
In base 15, what is 355 + 64edb?
65341
In base 3, what is -100202 - 2012110210?
-2012211112
In base 7, what is -4040 - -10431?
3361
In base 13, what is -7802b1 + -8?
-7802b9
In base 15, what is -7 + -17661b?
-176623
In base 6, what is 322 - -25514?
30240
In base 9, what is 3610 - -44806?
48516
In base 2, what is -1 + 1011100100101001100001101100?
1011100100101001100001101011
In base 7, what is -3132416 - 32?
-3132451
In base 5, what is -42002 - 44012?
-141014
In base 9, what is 24 - 400105?
-400071
In base 16, what is -23b - -31bda?
3199f
In base 11, what is -527496 + 6?
-527490
In base 8, what is -342731 - 121?
-343052
In base 9, what is -56210175 + 1?
-56210174
In base 12, what is a9 - 396a98?
-3969ab
In base 16, what is -227e6eb + 10?
-227e6db
In base 11, what is 1987 - 750a4?
-73218
In base 11, what is -2909 + -3828?
-6636
In base 14, what is 5b2a009 + 0?
5b2a009
In base 5, what is -1400420011310 + -11?
-1400420011321
In base 15, what is -aa8872d - 1?
-aa8872e
In base 7, what is -413145313 - -4?
-413145306
In base 2, what is -11010001 + 100001011110000000?
100001011010101111
In base 16, what is adbbe - 8?
adbb6
In base 12, what is -1 + -194b39b?
-194b3a0
In base 2, what is -10000001 + -101011000011001101011?
-101011000011011101100
In base 8, what is 1051111530 - -1?
1051111531
In base 8, what is -274152 + 35?
-274115
In base 5, what is -3040 + 102021?
43431
In base 12, what is -1a - 8433a2?
-843400
In base 14, what is 7 - 2c1b843?
-2c1b83a
In base 7, what is -153420 - 1621?
-155341
In base 12, what is 2 - -10099381?
10099383
In base 2, what is 11011000000011001111 + 100000?
11011000000011101111
In base 4, what is -10121001 + 11233211?
1112210
In base 3, what is -10 + 1000100211200021?
1000100211200011
In base 15, what is 46b74 - d2?
46a92
In base 10, what is 483655 - 2?
483653
In base 11, what is -154056 + -243?
-154299
In base 13, what is -5b - 19c70?
-19ccb
In base 6, what is -421 + 14253321?
14252500
In base 16, what is 686bff + -1?
686bfe
In base 14, what is a6 + -18a9?
-1803
In base 14, what is -4 + 4bc55d7?
4bc